{"id":4840,"date":"2023-01-28T16:09:06","date_gmt":"2023-01-28T08:09:06","guid":{"rendered":"https:\/\/lefrenchquarter.com.au\/?post_type=product&#038;p=4840"},"modified":"2025-04-26T15:24:20","modified_gmt":"2025-04-26T07:24:20","slug":"pate-with-20-duck-foie-gras-125gr-jar","status":"publish","type":"product","link":"https:\/\/lefrenchquarter.com.au\/?product=pate-with-20-duck-foie-gras-125gr-jar","title":{"rendered":"P\u00e2t\u00e9 with 20% Duck Foie Gras &#8211; 125gr (Jar)"},"content":{"rendered":"<p>The P\u00e2t\u00e9 \u00e0 l\u00b4Ancienne, an elegant starter based on foie gras has been brilliantly inspired by gastronomic traditions of Quercy.<\/p>\n<p>Slightly chilled, it can be served as a starter. Appreciated on all occasions, your guests will relish it served at a refined buffet.<\/p>\n<p><em><strong>Ingredients <\/strong>: Pork meat (origin: France), duck foie gras 20%, pork liver, egg, salt, pepper, sugar.<\/em><\/p>\n<p><strong>PRODUCT OF FRANCE<\/strong><\/p>\n","protected":false},"excerpt":{"rendered":"<h6>P\u00e2t\u00e9 with 20% Duck Foie Gras &#8211; Maison Godard, 125gr (jar)<\/h6>\n<p><!--more--><\/p>\n","protected":false},"featured_media":4997,"comment_status":"open","ping_status":"closed","template":"","meta":[],"product_cat":[37,39],"product_tag":[],"class_list":{"0":"post-4840","1":"product","2":"type-product","3":"status-publish","4":"has-post-thumbnail","6":"product_cat-food","7":"product_cat-pates-terrines","9":"first","10":"instock","11":"purchasable","12":"product-type-simple"},"jetpack_sharing_enabled":true,"jetpack-related-posts":[{"id":5002,"url":"https:\/\/lefrenchquarter.com.au\/?product=whole-duck-foie-gras-with-2-peppers-125gr","url_meta":{"origin":4840,"position":0},"title":"Whole Duck Foie Gras with 2 peppers \u2013 125gr","author":"rvphalippou","date":"18 January 2025","format":false,"excerpt":"Whole Foie Gras (Foie Gras entier) from the South-West of France with Jamaican and black peppers - Maison Godard , 125gr Glass Jar No coloring and no preservatives.","rel":"","context":"Similar post","block_context":{"text":"Similar post","link":""},"img":{"alt_text":"","src":"https:\/\/i0.wp.com\/lefrenchquarter.com.au\/wp-content\/uploads\/2025\/01\/foie-gras-de-canard-entier-du-sud-ouest-aux-2-poivres-bocal-180g.jpg?fit=1200%2C1200&ssl=1&resize=350%2C200","width":350,"height":200,"srcset":"https:\/\/i0.wp.com\/lefrenchquarter.com.au\/wp-content\/uploads\/2025\/01\/foie-gras-de-canard-entier-du-sud-ouest-aux-2-poivres-bocal-180g.jpg?fit=1200%2C1200&ssl=1&resize=350%2C200 1x, https:\/\/i0.wp.com\/lefrenchquarter.com.au\/wp-content\/uploads\/2025\/01\/foie-gras-de-canard-entier-du-sud-ouest-aux-2-poivres-bocal-180g.jpg?fit=1200%2C1200&ssl=1&resize=525%2C300 1.5x, https:\/\/i0.wp.com\/lefrenchquarter.com.au\/wp-content\/uploads\/2025\/01\/foie-gras-de-canard-entier-du-sud-ouest-aux-2-poivres-bocal-180g.jpg?fit=1200%2C1200&ssl=1&resize=700%2C400 2x, https:\/\/i0.wp.com\/lefrenchquarter.com.au\/wp-content\/uploads\/2025\/01\/foie-gras-de-canard-entier-du-sud-ouest-aux-2-poivres-bocal-180g.jpg?fit=1200%2C1200&ssl=1&resize=1050%2C600 3x"},"classes":[]},{"id":5036,"url":"https:\/\/lefrenchquarter.com.au\/?product=pate-perigourdin-terrine-with-20-duck-foie-gras","url_meta":{"origin":4840,"position":1},"title":"P\u00e2t\u00e9 P\u00e9rigourdin &#8211; Terrine with 20% Duck Foie Gras","author":"rvphalippou","date":"1 March 2025","format":false,"excerpt":"Duck Liver Terrine with 20% Duck Foie Gras - Maison Godard , 200gr","rel":"","context":"Similar post","block_context":{"text":"Similar post","link":""},"img":{"alt_text":"","src":"https:\/\/i0.wp.com\/lefrenchquarter.com.au\/wp-content\/uploads\/2025\/03\/pateperigourdin_200.jpg?fit=400%2C400&ssl=1&resize=350%2C200","width":350,"height":200},"classes":[]},{"id":4321,"url":"https:\/\/lefrenchquarter.com.au\/?product=whole-duck-foie-gras-from-the-southwest-of-france-maison-godard","url_meta":{"origin":4840,"position":2},"title":"Whole Duck Foie Gras Maison Godard \u2013 125 gr","author":"lefrenchquarter","date":"22 August 2021","format":false,"excerpt":"Whole Foie Gras (Foie Gras entier) from the South-West of France - Maison Godard , 125gr Glass Jar No coloring and no preservatives","rel":"","context":"Similar post","block_context":{"text":"Similar post","link":""},"img":{"alt_text":"","src":"https:\/\/i0.wp.com\/lefrenchquarter.com.au\/wp-content\/uploads\/2022\/01\/foie-gras-de-canard-entier-du-sud-ouest-en-bocal-godard.jpg?fit=800%2C800&ssl=1&resize=350%2C200","width":350,"height":200,"srcset":"https:\/\/i0.wp.com\/lefrenchquarter.com.au\/wp-content\/uploads\/2022\/01\/foie-gras-de-canard-entier-du-sud-ouest-en-bocal-godard.jpg?fit=800%2C800&ssl=1&resize=350%2C200 1x, https:\/\/i0.wp.com\/lefrenchquarter.com.au\/wp-content\/uploads\/2022\/01\/foie-gras-de-canard-entier-du-sud-ouest-en-bocal-godard.jpg?fit=800%2C800&ssl=1&resize=525%2C300 1.5x, https:\/\/i0.wp.com\/lefrenchquarter.com.au\/wp-content\/uploads\/2022\/01\/foie-gras-de-canard-entier-du-sud-ouest-en-bocal-godard.jpg?fit=800%2C800&ssl=1&resize=700%2C400 2x"},"classes":[]},{"id":5034,"url":"https:\/\/lefrenchquarter.com.au\/?product=regal-de-canard-au-jus-de-truffes-noires","url_meta":{"origin":4840,"position":3},"title":"R\u00e9gal de Canard &#8211; Terrine with Black Truffle Juice and 20% Duck Foie Gras","author":"rvphalippou","date":"1 March 2025","format":false,"excerpt":"Duck Liver Terrine with Black Truffle Juice and 20% Duck Foie Gras - Maison Godard , 130gr","rel":"","context":"Similar post","block_context":{"text":"Similar post","link":""},"img":{"alt_text":"","src":"https:\/\/i0.wp.com\/lefrenchquarter.com.au\/wp-content\/uploads\/2025\/03\/regal-de-canard-au-jus-de-truffes-noires-terrine-au-foie-de-canard-20-foie-gras-de-canard-130g.jpg?fit=1200%2C1200&ssl=1&resize=350%2C200","width":350,"height":200,"srcset":"https:\/\/i0.wp.com\/lefrenchquarter.com.au\/wp-content\/uploads\/2025\/03\/regal-de-canard-au-jus-de-truffes-noires-terrine-au-foie-de-canard-20-foie-gras-de-canard-130g.jpg?fit=1200%2C1200&ssl=1&resize=350%2C200 1x, https:\/\/i0.wp.com\/lefrenchquarter.com.au\/wp-content\/uploads\/2025\/03\/regal-de-canard-au-jus-de-truffes-noires-terrine-au-foie-de-canard-20-foie-gras-de-canard-130g.jpg?fit=1200%2C1200&ssl=1&resize=525%2C300 1.5x, https:\/\/i0.wp.com\/lefrenchquarter.com.au\/wp-content\/uploads\/2025\/03\/regal-de-canard-au-jus-de-truffes-noires-terrine-au-foie-de-canard-20-foie-gras-de-canard-130g.jpg?fit=1200%2C1200&ssl=1&resize=700%2C400 2x, https:\/\/i0.wp.com\/lefrenchquarter.com.au\/wp-content\/uploads\/2025\/03\/regal-de-canard-au-jus-de-truffes-noires-terrine-au-foie-de-canard-20-foie-gras-de-canard-130g.jpg?fit=1200%2C1200&ssl=1&resize=1050%2C600 3x"},"classes":[]},{"id":4434,"url":"https:\/\/lefrenchquarter.com.au\/?product=whole-duck-foie-gras-maison-godard","url_meta":{"origin":4840,"position":4},"title":"Whole Duck Foie Gras Maison Godard \u2013 180gr","author":"rvphalippou","date":"23 January 2022","format":false,"excerpt":"Whole Foie Gras (Foie Gras entier) from the South-West of France - Maison Godard , 180gr Glass Jar No coloring and no preservatives.","rel":"","context":"Similar post","block_context":{"text":"Similar post","link":""},"img":{"alt_text":"","src":"https:\/\/i0.wp.com\/lefrenchquarter.com.au\/wp-content\/uploads\/2022\/01\/foie-gras-de-canard-entier-du-sud-ouest-en-bocal-godard.jpg?fit=800%2C800&ssl=1&resize=350%2C200","width":350,"height":200,"srcset":"https:\/\/i0.wp.com\/lefrenchquarter.com.au\/wp-content\/uploads\/2022\/01\/foie-gras-de-canard-entier-du-sud-ouest-en-bocal-godard.jpg?fit=800%2C800&ssl=1&resize=350%2C200 1x, https:\/\/i0.wp.com\/lefrenchquarter.com.au\/wp-content\/uploads\/2022\/01\/foie-gras-de-canard-entier-du-sud-ouest-en-bocal-godard.jpg?fit=800%2C800&ssl=1&resize=525%2C300 1.5x, https:\/\/i0.wp.com\/lefrenchquarter.com.au\/wp-content\/uploads\/2022\/01\/foie-gras-de-canard-entier-du-sud-ouest-en-bocal-godard.jpg?fit=800%2C800&ssl=1&resize=700%2C400 2x"},"classes":[]},{"id":4998,"url":"https:\/\/lefrenchquarter.com.au\/?product=whole-duck-foie-gras-with-jurancon-sweet-white-wine-90-gr","url_meta":{"origin":4840,"position":5},"title":"Whole Duck Foie Gras with Jurancon sweet white wine \u2013 90 gr","author":"rvphalippou","date":"18 January 2025","format":false,"excerpt":"Whole Foie Gras (Foie Gras entier) from the South-West of France with Jurancon wine - Maison Godard , 90gr Glass Jar No coloring and no preservatives","rel":"","context":"Similar post","block_context":{"text":"Similar post","link":""},"img":{"alt_text":"","src":"https:\/\/i0.wp.com\/lefrenchquarter.com.au\/wp-content\/uploads\/2025\/01\/foie-gras-de-canard-entier-du-perigord-au-jurancon-90g.jpg?fit=1200%2C1200&ssl=1&resize=350%2C200","width":350,"height":200,"srcset":"https:\/\/i0.wp.com\/lefrenchquarter.com.au\/wp-content\/uploads\/2025\/01\/foie-gras-de-canard-entier-du-perigord-au-jurancon-90g.jpg?fit=1200%2C1200&ssl=1&resize=350%2C200 1x, https:\/\/i0.wp.com\/lefrenchquarter.com.au\/wp-content\/uploads\/2025\/01\/foie-gras-de-canard-entier-du-perigord-au-jurancon-90g.jpg?fit=1200%2C1200&ssl=1&resize=525%2C300 1.5x, https:\/\/i0.wp.com\/lefrenchquarter.com.au\/wp-content\/uploads\/2025\/01\/foie-gras-de-canard-entier-du-perigord-au-jurancon-90g.jpg?fit=1200%2C1200&ssl=1&resize=700%2C400 2x, https:\/\/i0.wp.com\/lefrenchquarter.com.au\/wp-content\/uploads\/2025\/01\/foie-gras-de-canard-entier-du-perigord-au-jurancon-90g.jpg?fit=1200%2C1200&ssl=1&resize=1050%2C600 3x"},"classes":[]}],"_links":{"self":[{"href":"https:\/\/lefrenchquarter.com.au\/index.php?rest_route=\/wp\/v2\/product\/4840","targetHints":{"allow":["GET"]}}],"collection":[{"href":"https:\/\/lefrenchquarter.com.au\/index.php?rest_route=\/wp\/v2\/product"}],"about":[{"href":"https:\/\/lefrenchquarter.com.au\/index.php?rest_route=\/wp\/v2\/types\/product"}],"replies":[{"embeddable":true,"href":"https:\/\/lefrenchquarter.com.au\/index.php?rest_route=%2Fwp%2Fv2%2Fcomments&post=4840"}],"wp:featuredmedia":[{"embeddable":true,"href":"https:\/\/lefrenchquarter.com.au\/index.php?rest_route=\/wp\/v2\/media\/4997"}],"wp:attachment":[{"href":"https:\/\/lefrenchquarter.com.au\/index.php?rest_route=%2Fwp%2Fv2%2Fmedia&parent=4840"}],"wp:term":[{"taxonomy":"product_cat","embeddable":true,"href":"https:\/\/lefrenchquarter.com.au\/index.php?rest_route=%2Fwp%2Fv2%2Fproduct_cat&post=4840"},{"taxonomy":"product_tag","embeddable":true,"href":"https:\/\/lefrenchquarter.com.au\/index.php?rest_route=%2Fwp%2Fv2%2Fproduct_tag&post=4840"}],"curies":[{"name":"wp","href":"https:\/\/api.w.org\/{rel}","templated":true}]}}